uppose -3*m - 129 = -4*l, 161 - 26 = 4*l - 5*m. Let f = l - -36. List the prime factors of f.
2, 3, 11
Let s = 3389 + 893. List the prime factors of s.
2, 2141
Let s(k) = k**2 - 6. Let v be s(4). Suppose -v + 1 = -u. What are the prime factors of 101/u + (-2)/9?
11
Let g(m) = 87*m + 327. What are the prime factors of g(8)?
3, 11, 31
Suppose -4*w = o + 12, 4*o - w = -2*w - 3. Suppose o*d - 2*y - 10 = 2*d, -5*d + 3*y + 15 = 0. Suppose d = -5*v + 297 - 92. What are the prime factors of v?
41
Suppose -8*d + 475 = -29. Suppose -m + 105 = 5*n, -5*m - d = -3*n - m. List the prime factors of n.
3, 7
Let g = 0 - 1. Let u(t) = 15*t - 2. Let s be u(g). Let d = s - -45. What are the prime factors of d?
2, 7
Let j(h) = -2 + 9 - 7 - h. Let p be j(8). Let z = 28 - p. List the prime factors of z.
2, 3
Let x = 43 - 31. Let b(c) be the first derivative of c**2 - 7*c + 21. List the prime factors of b(x).
17
Suppose 2*a = 8, -7 = -4*q + a - 39. Let m(h) = -3*h + 38. What are the prime factors of m(q)?
59
Let m(p) = -p**2 - 16*p + 29. Let z be m(-18). What are the prime factors of -2 - -251 - 14/z?
251
What are the prime factors of 2/2 + 382 + 5?
2, 97
Let p = 4020 - 2641. What are the prime factors of p?
7, 197
Suppose -61*l = -56*l - 20. Suppose l*f - 403 = 69. List the prime factors of f.
2, 59
Let t be (-913)/(-4) - 30/(-40). Let u = 335 - t. Suppose 5*k - j - u = 0, -3*k + 2*j + 101 - 43 = 0. List the prime factors of k.
2, 11
Let d(q) = -q**2 + 24*q - 119. Let x be d(17). Let j be (2 - 6/2) + 5. Suppose -3*l + j*s = -119, s = -x*s - 5. What are the prime factors of l?
3, 11
Let m = 590 + -297. List the prime factors of m.
293
Let o(g) = -3*g + 7. Let x(m) = -2*m + 3. Let v(h) = 4*o(h) - 9*x(h). Let a be v(-10). Let s = a - -90. What are the prime factors of s?
31
Suppose 4*o - 35 = 9. Let p(c) = c**3 - 11*c**2 - c - 5. Let n be p(o). What are the prime factors of (-75)/(-6)*n/(-10)?
2, 5
What are the prime factors of ((-160)/(-280))/((-9712)/4858 - -2)?
2, 347
Let q(d) be the first derivative of -d**4/4 + 8*d**3/3 + 5*d**2 + 6. Let t be q(7). Suppose r + 42 = y, 2*y - 2*r - t = -7*r. List the prime factors of y.
47
Suppose 49 = 10*q - 3181. List the prime factors of q.
17, 19
Let z(v) = -4*v - 30. Let j be z(-5). What are the prime factors of (-5)/(-1) + j/5 + 97?
2, 5
Let t = -40 + 100. What are the prime factors of t + -3 - (6 - 9)?
2, 3, 5
Let m(j) = -4*j - 15. Let t be m(-6). Suppose -2*q - 637 = -t*q. What are the prime factors of q?
7, 13
Let y = 62 + -62. Suppose y = 3*v - 363 + 51. List the prime factors of v.
2, 13
Let z(s) be the third derivative of 0*s + 7*s**2 - 1/2*s**4 + 0 - 1/2*s**3. What are the prime factors of z(-5)?
3, 19
Suppose 2*n - 7 = 4*f + 17, 0 = 5*f + 15. Suppose 1040 = n*c + 176. Suppose -c = -4*a + 84. What are the prime factors of a?
3, 19
Suppose -2*d = -7*d. Let c be (222/(-555))/((-2)/20). Suppose 0*y - 39 = -3*y + c*m, d = -3*y + 3*m + 42. List the prime factors of y.
17
Let i be (1/1)/((-3)/(-18)). Suppose 5*v + 4 - 14 = 0. Suppose i = v*l - 84. What are the prime factors of l?
3, 5
Let k(t) = -t - 2. Let d(b) = 11*b - 5. Let a(o) = -4*o + 2. Let s(f) = 8*a(f) + 3*d(f). Let r(m) = -3*k(m) - 2*s(m). List the prime factors of r(0).
2
Let i be (-3)/(-2)*20/15. Suppose -5*w + 14 = -n, -2*n - 1 = -i*w + 3. Suppose 41 = w*p - 16. List the prime factors of p.
19
Let q = 6174 - 4398. What are the prime factors of q?
2, 3, 37
Let h be 53/5 - (-54)/(-90). List the prime factors of 75*2*4/h.
2, 3, 5
Let g = 1426 - 663. List the prime factors of g.
7, 109
Suppose -5*l = -195 - 25. Suppose -4*n - l = -5*t, 0*t - t - 3*n = -24. What are the prime factors of t?
2, 3
Suppose -2*c + 806 = 4*h + 130, 0 = -3*h. List the prime factors of c.
2, 13
What are the prime factors of 12/(-2 - 0)*(-1925)/14?
3, 5, 11
Suppose 3733 = 2*c - 2*i + 611, 4*c - 5*i - 6241 = 0. List the prime factors of c.
2, 17, 23
Suppose 5*d = -5*p, 3*p = -d + 7 + 1. Let h = p + 7. Let y(c) = c**3 - 10*c**2 - 10*c - 6. List the prime factors of y(h).
5
Suppose -3*m - 12 = 0, -12*a - 3*m + 495 = -9*a. List the prime factors of a.
13
Let d(s) = -s**2 + 6*s + 11. Let u be d(7). List the prime factors of (-188)/(-8) - 6/u.
2, 11
Let t(p) = 17*p**2 + 23*p + 125. What are the prime factors of t(-6)?
599
Suppose 9 = -6*t + 81. Suppose 129 = -t*j + 2169. List the prime factors of j.
2, 5, 17
Let o be 0/(-5) - 2 - -3. Let t(k) = -k**3 - 5*k**2 + k - 3. Let a be t(-5). Let g = o - a. List the prime factors of g.
3
Let c(t) be the second derivative of 3*t**2 - 11*t + 0 + 5/6*t**4 - 2/3*t**3 + 1/20*t**5. What are the prime factors of c(-10)?
2, 23
Let a(o) = 5*o**3 - 6 + 1 - 6*o**2 + 3 + 2*o**2 + 4*o. List the prime factors of a(2).
2, 3, 5
Suppose -4*d = -3*r - 31, -3*r + 3 = -2*r. Let x(v) = d*v - 3 + 3*v - 5*v. What are the prime factors of x(2)?
13
Suppose -5*a + 2753 = -3*w, -2*w = a - 0*w - 561. What are the prime factors of a?
7, 79
Suppose 38 = 2*m - 44. Suppose -p - b + m = -41, p - 5*b = 106. What are the prime factors of p?
2, 43
Let y(x) = 5*x**2 + 5*x + 9. Let p(j) = -9*j**2 - 9*j - 18. Let g(c) = -6*p(c) - 11*y(c). Let z be g(-4). List the prime factors of 6/z - (-28 + -1).
3
Suppose 2*g - 100 = -2*g. Let q = g + -4. Suppose 71 = 4*c - q. What are the prime factors of c?
23
Let i(a) = -a**3 + 35*a**2 + 12*a + 122. What are the prime factors of i(35)?
2, 271
What are the prime factors of -22 + 17 - -239*1?
2, 3, 13
Suppose 3 = 3*c - 3. Suppose -7*b + 3*b - 192 = -4*v, 0 = 4*v - c*b - 184. What are the prime factors of v?
2, 11
Let t = 18 - 16. Suppose i - 1 = t*z - 375, 4*i = 5*z - 941. Suppose 11*s - 6*s = z. List the prime factors of s.
37
Let c(o) = -o. Let y(f) = -8*f - 2. Let g(h) = 4*c(h) + y(h). Let p be g(-6). What are the prime factors of ((-12)/(-15))/(4/p)?
2, 7
Let n(d) = d**3 + 54*d**2 - 129*d + 116. What are the prime factors of n(-56)?
2, 3, 89
Let t(g) = -2*g**3 - 3*g**2 + g - 7. Let a be t(-3). Suppose 4*n = a + 3. Suppose 2*i = n*x + i - 291, x - 47 = 3*i. What are the prime factors of x?
59
Let l(g) = -5*g + 16. Suppose 10*o = -25 - 35. List the prime factors of l(o).
2, 23
Let u(x) = -x**3 + 31*x**2 - 42*x + 13. What are the prime factors of u(29)?
3, 53
Let t(p) = -6*p**2 + 8*p - 8. Let v be t(2). Let m(g) = -7*g + 47. List the prime factors of m(v).
3, 53
What are the prime factors of (-4)/((-4)/219)*(-4)/(-3)?
2, 73
Let q be (136/4)/(-2) + -2. Let v = -14 - q. Let l = v + 11. What are the prime factors of l?
2
Suppose 1115 = 77*d - 72*d. What are the prime factors of d/3 - (-5)/(-15)?
2, 37
Let c(x) = 7*x + 3. Let h be c(5). Suppose -5*d = -2 - h. Let f(z) = 4*z - 9. List the prime factors of f(d).
23
Let p(g) = 7*g**2 - 34*g + 17. List the prime factors of p(-8).
11, 67
Let q(j) = j**2 + 8*j - 10. Suppose -12 = -0*h - 2*h. Suppose 15 = 3*c, 24 = -h*f + 3*f - 3*c. List the prime factors of q(f).
5, 11
Let k = -256 + 317. List the prime factors of k.
61
Suppose 1084 = 7*o - 169. Suppose -o = -6*t + 673. List the prime factors of t.
2, 71
Let h be ((-9)/2 + 5)*8. Suppose 0 = -3*v + s + 523, -h*v + 357 = -2*v + s. List the prime factors of v.
2, 11
Let d be -314 - 0*(-3 + 2). What are the prime factors of (-1)/2 + d/(-4)?
2, 3, 13
Let y(f) = -f**3 + 22*f**2 - 36*f + 62. What are the prime factors of y(18)?
2, 5, 71
Let r(c) = 2*c**2 + c - 3. Let o be r(2). Suppose -o*d = -5*d + 56. What are the prime factors of (-1 - 3)*147/d?
3, 7
Let i = 6 - 6. Suppose i = 3*r - r. Suppose -5*w + 45 = 4*l - r, 4*w - 25 = -l. What are the prime factors of w?
5
Let i(m) = m**3 - m**2 - 3*m - 4. Let s be i(3). Suppose s*k + 5 = 2*l, -4*l + 1 = -2*k - 1. What are the prime factors of 11 + -4 - l/(-1)?
7
Suppose -8*m - 20 = -12*m. Suppose 8*q = m*q + 927. What are the prime factors of q?
3, 103
Let n(d) = -64*d**3 + 2*d - 1. Let m be n(1). Let h = 86 + m. What are the prime factors of h?
23
Let o(t) = 3*t + 8. Let h be o(-4). Let c = h - -1. Let b(s) = -s + 3. What are the prime factors of b(c)?
2, 3
Let y = 5 - 3. Let j(s) = 4*s**y + 0 - s - 1 + 0 + 0*s**2. What are the prime factors of j(-2)?
17
List the prime factors of 18/63 + (-41832)/(-49).
2, 7, 61
Let h be (3/(-6))/(1/(-2)). Let s = h + 5. Suppose s*q = 5*q + 19. What are the prime factors of q?
19
Let m(j) = 